322 = 0, -69*s = -64*s + 4*q + 398. Let c = s - d. What is the tens digit of c?
0
Let z(s) be the second derivative of s**5/10 - s**4/4 - 4*s**3/3 + 7*s**2 + s - 35. What is the thousands digit of z(9)?
1
Suppose 0 = -4*y + 2*j + 16, -3*j - 4 = 5*y - 2. Let i be y*2/(-8)*-1*-8. Let f(u) = -4*u**3 - 3*u**2 - 11*u - 11. What is the tens digit of f(i)?
4
Suppose 2*o + 22 = 2*h, -h + 3 = 4*o - 3*o. Suppose -12*d + 1945 = -h*d. What is the units digit of d?
9
Let i = -269 + 838. Suppose 0 = -3*j + i + 220. What is the tens digit of j?
6
What is the thousands digit of (((-36)/(-21))/1)/(5 - (-127186)/(-25438))?
0
Let b(r) = -2*r**2 - 14*r - 2. Let a = 19 + -26. Let p be b(a). What is the units digit of 13 - (6 + -6 + -2 + p)?
7
Suppose -588 = -3*y - 3*k, 2*k + 75 = -5*y + 1040. Suppose 5*g = -3*h + 5942, 5*h = -4*g + 4560 + y. What is the tens digit of g?
8
Let i(o) = 85 - 141*o - 11 - 24*o + 20*o. What is the units digit of i(-3)?
9
Let a = 77156 - 42959. What is the tens digit of a?
9
Suppose 32*a = 26*a + 120. Let m be 16/6 - a/30. Suppose g = 5*g + m*x - 660, 4*g = x + 672. What is the hundreds digit of g?
1
What is the thousands digit of 25*((-5934)/387)/(((-50)/1644)/5)?
3
Suppose -358*a - 72*a + 14945576 = -26*a. What is the hundreds digit of a?
9
What is the units digit of (150480/100)/((-25 + 26)/(6 - 1))?
4
Suppose 18*f - 7 - 65 = 0. Suppose -225 = 3*w + 2*t - 803, f*w - 4*t = 764. What is the hundreds digit of w?
1
Let o(w) = -2*w**3 - 28*w**2 - w - 7. Let r be o(-14). Let d(q) = -7*q**3 + 60*q**2 + 9*q - 21. What is the tens digit of d(r)?
8
Let k(v) = 1717*v + 443. What is the tens digit of k(9)?
9
Suppose 5*y - 2*z - 1169 = 1093, -3*z = -4*y + 1804. Suppose -3*c = -2*c + l - 456, c = -2*l + y. What is the hundreds digit of c?
4
Let d be 28/42 - 358/6. What is the tens digit of (0 - d) + (6 - 10)?
5
Let l = 883 + -877. Suppose -6299 - 109 = -l*d. What is the tens digit of d?
6
Let n = -21 - -45. Suppose -y = y - n. What is the units digit of (5 - 4) + (-1 - -10)*y?
9
Let y = 65 - 57. Suppose -y*s = s - 0*s. Suppose -4*f - n + 471 = s, 6*f - 3*n = 4*f + 225. What is the hundreds digit of f?
1
Suppose -145 = -2*q + 6*q - 5*p, 3*q + 5*p = -135. Let h be (4/q*-5)/((-1)/18). What is the hundreds digit of (30/h)/(1/(-60))?
2
Suppose -3246*c = -3248*c + 9772. What is the thousands digit of c?
4
Suppose -1272 = -3*p - p. Suppose -4*f + 2*r = -r - 671, 2*f = -2*r + p. Suppose 5*d - f = -w + 4*w, 3*d + 3*w = 108. What is the units digit of d?
4
Let w(i) = i**3 - 4*i**2 + 2*i + 4. Suppose 0 = 5*f - 3*p, 0 = -3*p + 4 + 11. Let j be w(f). What is the units digit of (-14 + -108)/(2/(-1)*j)?
1
Let h be 1*8/(-12)*279. Let a = h + 255. What is the units digit of a?
9
Let r(j) = 349*j**2 + 1138*j + 6. What is the tens digit of r(-7)?
4
Let b(h) = -12*h - 20. Let f be b(-8). Suppose 4*s - 26 = g, -164 = 4*g - 6*s + 2*s. Let z = f + g. What is the units digit of z?
0
Suppose 4*x + 10*h + 1635 = 5675, -4*h = -4*x + 3928. What is the hundreds digit of x?
9
Suppose 8*d = 3*d + 2*d + 10107. What is the thousands digit of d?
3
Let c(g) = -2*g**2 - 2*g + 10. Let u be c(3). Let j = u - -18. What is the tens digit of 19 - -1 - 4/j?
1
Suppose 27 = n + 5*c + 7, -23 = -4*n - c. Suppose -2*h = h - 2334. Suppose 186 = 5*m + w - 772, -4*m + h = -n*w. What is the hundreds digit of m?
1
Let o = 5222 + -4780. What is the units digit of o?
2
Let i(g) = g**3 - 14*g**2 - g - 17. Let k be i(14). Let u = -31 - k. Suppose u = 2*z + 3*h + 2*h - 173, -2*h = 3*z - 243. What is the units digit of z?
9
Let t(l) = 445*l**2 + 76*l - 4. What is the units digit of t(7)?
3
Let b(y) = 904*y + 7542. What is the thousands digit of b(43)?
6
Suppose 4*u - 2*f = 7 - 1, -4*u - 4*f = -36. Suppose u*d + 592 = 3*a - 99, -2*a + 461 = -3*d. Let o = a + -154. What is the tens digit of o?
7
Suppose -566*h - l = -568*h + 12169, 3*h = 5*l + 18236. What is the tens digit of h?
8
Suppose -2 + 4 = 2*b, 348 = a - b. Suppose 4*j - 4*q - 700 = 0, q = 2*j - 2*q - a. What is the units digit of j?
6
Let m = 130 - 88. Suppose -m = 4*r - 242. Suppose r*q - 54*q = -340. What is the tens digit of q?
8
Suppose 11*t = -0*t + 44. Suppose -j - t*a + 634 = -2*a, 6 = -2*a. What is the tens digit of j?
4
Suppose f - 19531 = -j - 3413, 5*j + 10 = 0. Suppose -13*p + f = -0*p. What is the hundreds digit of p?
2
Let o be 1 + 4 + -1 + (-11 - -9). Let k(j) = 520*j + 5. Let l be k(1). Suppose r + o*r = l. What is the hundreds digit of r?
1
Suppose -4*f - 4*z + 297716 = 0, 2*z + 74423 = 499*f - 498*f. What is the units digit of f?
7
Let u = 675 - 332. Let v = 1418 + -1555. Let j = v + u. What is the tens digit of j?
0
Let a(w) = w**3 + 17*w**2 + 41*w - 5. Let q be a(-14). Suppose -q*u + 3*u = -3762. What is the hundreds digit of u?
6
Let t be 215/15 - (-36)/(-27). Suppose -t*s - 1425 + 4766 = 0. What is the units digit of s?
7
Let t be 8/(-12)*(10 - 3)*-3. Suppose -10*r - 1604 = -t*r. What is the tens digit of r?
0
Let f be (194 + 16/(-4))/(1 + 1). Let s be 9*(1 - f/15). What is the units digit of (-320)/s - (-4)/(-6)?
6
Let q = 41 - 38. Let t be q/21 - (-20)/7. Suppose 0 = -5*i - 2*b + 9, t*i - 7*i - 5*b - 3 = 0. What is the units digit of i?
3
Let d = 14 - 20. Let o(j) = -57*j**2 - 21 + 47 - 4*j + 58*j**2. What is the units digit of o(d)?
6
Suppose -1211*h = -1218*h + 91798. What is the ten thousands digit of h?
1
What is the units digit of 5 + 172*(-1965)/(-60)?
8
Suppose 0 = 4*j - 2*y - 32, 0*y - 33 = -3*j - 3*y. Let k(n) = 5*n + 17. Let v be k(j). Let x = 65 - v. What is the units digit of x?
3
Let d(a) = 6*a + 15. Let l be 4*2*(0 + 2/4). Suppose -l*j + 95 = 47. What is the units digit of d(j)?
7
Let c(p) = 13393*p - 71. What is the tens digit of c(1)?
2
Let w = -253 - -319. What is the tens digit of (424/(-1 + 3))/(11/w)?
7
Suppose -143*d - 884891 = -6174890. What is the units digit of d?
3
Suppose 5320 + 2687 = 7*s - 7897. What is the tens digit of s?
7
Let h(f) = 15*f**2 + 2*f + 1. Let u be h(2). Suppose 2*n = -u - 89. What is the units digit of 6/14 + (-583)/n?
8
Suppose 3172 = -9*q - 248. What is the units digit of (q/16)/((-5)/300)?
5
Let h be 78/13*(-230)/(-4). Let c = -90 + h. Let m = c + -125. What is the tens digit of m?
3
Let l(u) = u**3 + 11*u**2 - 5*u + 41. Let y be l(-13). Let j = y + 398. What is the hundreds digit of j?
1
Let g(s) = 319*s**2 - 2*s - 2. Let c be g(-1). Suppose -3*i - 64 + c = 0. Suppose 4*z - 71 - 110 = f, -2*z + i = 5*f. What is the tens digit of z?
4
Let m = 6138 - -15260. What is the tens digit of m?
9
Suppose -5*s + 2*s = -w + 3483, 5*s + 13918 = 4*w. What is the thousands digit of w?
3
Suppose -3933 - 792 = -7*w. What is the tens digit of w?
7
Let t(k) = 13*k - 46. Let m be t(2). What is the units digit of (-1)/10*-2 - 12876/m?
4
What is the units digit of (0 + 13 - 2) + 1374?
5
Let a(c) = c**2 - 10*c - 3. Let o(m) = 2*m**3 - 19*m**2 - 8*m - 2. Let p be o(10). What is the tens digit of a(p)?
4
Suppose -137*q + 132*q - 5*y = -14790, 2*y = 2*q - 5904. What is the tens digit of q?
5
Suppose 0 = -5*f + 4*d + 55, 1 = -4*f + 5*d + 45. Let c(h) = h**3 - 8*h**2 + 21*h - 11. What is the tens digit of c(f)?
8
Suppose 3*k = 5*f + 304, -4*k + 208 = -2*f - 188. Suppose -2221 + k = -11*x. What is the units digit of x?
3
Let j be (12 - 11)/(11/(-1991)). Let r(u) = -u - 305. Let o be r(0). Let t = j - o. What is the tens digit of t?
2
Suppose 4588*c = -4*r + 4587*c + 110744, -27693 = -r - 2*c. What is the thousands digit of r?
7
Let j = -13489 + 28353. What is the hundreds digit of j?
8
Suppose 30*m - 28*m = w - 11771, 0 = -2*w + 5*m + 23541. What is the units digit of w?
3
Let d(p) be the third derivative of -37*p**4/24 - 7*p**3/3 - 18*p**2. Let t be d(-5). Suppose -27*i = -26*i - t. What is the hundreds digit of i?
1
Let a be 4 - ((-390)/(-42) + (-4)/14). Let k be (-2 + a)/((-4)/172). Let g = k + -175. What is the tens digit of g?
2
Let r(x) = x**3 + 6*x**2 - 18*x - 1. Let w be r(-8). Suppose 3*a + w = 8*a. Suppose 5*q - a*q - 218 = 0. What is the tens digit of q?
0
Suppose 3*l - 18 = w - 0*w, 0 = 5*l + 3*w - 44. Suppose -3*c + l = -8. Suppose 0*f = -d + c*f + 9, -5*f = -3*d + 47. What is the units digit of d?
9
Let l(p) = -76*p + 764. What is the tens digit of l(-2)?
1
Let y be (-4110)/(-120) - (-2